254 + 107 + 3 + (9 - 12)
118
Calculate 65 + (-123 - -21) + -14 + -2.
-53
-15 + 12 - 17 - (13 + -18 + 3)
-18
What is -3 + (-26 - (-103 - 18)) - (5 - 4 - 5)?
96
What is -36 + 58 + -34 - (-42 - (-2 + 7))?
35
(-12 - (-1 + -1)) + (33 - (76 - (42 - 54)))
-65
What is 10 - (-19 + -31 + 11) - 10?
39
What is -2 - -65 - ((-4 - -26) + (2 - 15 - -2))?
52
Calculate 22 + (-39 - -56) + (-8 - -30).
61
Calculate (-53 - -41) + (16 + -3 - (-103 + -40)).
144
Calculate 33 + -3 + -2 - (-636 - -612).
52
Evaluate 11 - (14 + (-31 - -4 - -43)).
-19
Calculate (6 - 20) + 21 + 29.
36
Evaluate -59 - 4 - (2093 - 2178).
22
What is -45 + (257 - (134 - 47))?
125
What is (-125 - -42) + -3 + (14 - -5) + -11?
-78
What is the value of (-7 - 8 - -5) + 10 + -8 - (-6 + 17)?
-19
What is the value of 67 - ((23 - (14 - 49)) + -31)?
40
(-32 + -126 - -109) + 52
3
Calculate 12 + (-4 - (14 - (-9 - -33 - 11))).
7
Calculate 10 - (110 - 42 - (-4 - (-12 + (6 - 5)))).
-51
What is the value of 20 - (15 + -13 - -8 - 35)?
45
Evaluate -21 + (-38 - (13 - 31)) + 40.
-1
(-21 + 12 - (18 - -31)) + 2 + -9
-65
Calculate -65 + 37 + 26 + (-15 - -3).
-14
Evaluate (-17 - -95) + (-44 + 61 - (0 + 0)).
95
What is the value of -63 + 40 - (-22 + -14) - 14?
-1
Calculate (138 + -116 - (-65 + -2)) + (-3 + 0 - -11).
97
Evaluate (24 - 208) + 73 + 21.
-90
Evaluate 120 + (-16 - 15) + -136.
-47
0 + (-2 - -12) + -2902 + 2981
89
What is the value of 47 + -18 + -28 - (3 - 6 - 1 - -11)?
-6
Calculate 27 - (-1 + 2 + (187 - 165)).
4
What is the value of 16 - (14 + -2) - 2 - (-51 - (4 + -5))?
52
Evaluate (62 - 139) + 96 - (-6 + -1 + 5).
21
What is 1 + 0 + 148 + -184 + -8?
-43
Calculate -69 - (-13 - 1 - (-2 + -14)).
-71
Calculate -33 - ((-212 - -61) + 48).
70
What is (15 - 0) + (-822 + 898 - (-4 - 1))?
96
Evaluate 54 + -113 + 71 + -24.
-12
What is the value of 6 + -8 + -32 + (11 - 11)?
-34
Calculate 57 - (7 + -8) - (-1 - -18 - 19).
60
What is 36 - 41 - (1 + (-8 - 0)) - (-2 - 86)?
90
What is the value of 10 + 12 + (27 - (6 + -16) - 8)?
51
What is (7 - 10 - (1 - 6)) + (-22 - (6 - -51))?
-77
1 + -9 + (18 - (1 + 18)) + (296 - 214)
73
What is (-15 - 54 - (45 - -5)) + (-1 - -11)?
-109
Calculate (46 - 51) + -99 - -34.
-70
34 + -5 - (1 - (11 + 0))
39
What is the value of -12281 + 12350 - (-1 + -1)?
71
-36 + 128 + -38 - 22
32
9 - (1 + 20 + 65 + -71)
-6
Evaluate 9 + (-1 - (-25 + (-31 - -65))).
-1
Evaluate -66 - (28 - 51) - -83 - -51.
91
Evaluate 1 + 24 - (445 - 427).
7
(0 + 0 - (0 + 9)) + (95753 - 95861)
-117
What is (5 - 63 - 7) + (6 - (-3 - (-7 - -2)))?
-61
What is the value of 24 - (2 + 5 - 2 - -9) - 27?
-17
(-38 + 44 - (6 + 4 + 2 + -2)) + -23
-27
What is 88 - 1 - (-1430 - -1403)?
114
What is -860 + 831 - (-57 - 2) - -17?
47
What is (87 - 54) + -5 + 3 + -10?
21
What is the value of -67 + -38 + 86 + 3?
-16
Calculate -28 + 53 + -17 + 14 + 17.
39
Calculate -45 - (0 + -5 + 9 - (87 - 86)).
-48
14 + -4 - (-17 - -30)
-3
47 - (-8 + 21 + (-4 - -7) + -15)
46
Calculate (-11 - (-9 - 21)) + 14 - 116.
-83
Evaluate 9 - (36 + 22 + 4 + -20).
-33
Calculate (2 - (-4 + -2)) + (-98 - 200 - -313).
23
What is 23 + -1 - (34 - (-37 + (37 - -49)))?
37
Calculate 50 + (31 - 50) + (1 - 4).
28
What is the value of 1 + 5 + -2 - 18 - (62 - 65) - -67?
56
What is the value of -7 + -56 + 2 + 75 + 0 + 0 + -40?
-26
What is -3 - (15 - (-1 - 9 - (-143 - -122)))?
-7
100 + -230 + 213 - -30
113
(-34 - (-38 - (-38 + 38))) + 0 + 110
114
What is 7 + (14 - (8 - 5)) - (15 - 7)?
10
Evaluate -29 + 2 + -410 + 444.
7
Calculate 17 - (-3 - (-19 + -38 + 14)).
-23
Evaluate (-7 + 14 + 21 - 20) + 8 - (-48 - -2).
62
Evaluate 30 + 3 - (-29 + 21 - (5 + -34 + 6)).
18
-31 - 0 - (47 + 2 + (3 - 38))
-45
Calculate -1 + -21 - -42 - (52 + -54).
22
41 + (-49 + 30 - -37) + -15
44
What is the value of -67 - ((36 - -8) + -88)?
-23
Evaluate -24 - (15 - (15 + -15) - (33 - 35)).
-41
43 - ((11 - -6) + (-27 - -28))
25
What is the value of (-51 + 36 - -32) + -32 + -7?
-22
Evaluate (5 - (13 - (-17 - -38))) + -19 - 15.
-21
61 + (1 + -35 - -13)
40
Evaluate -15 + 2 - (-7 - (13 - (13 - -16))).
-22
-55 + 27 + 73 + -116
-71
Evaluate 2839 + -2861 + 31 + (-2 - -1).
8
Evaluate -25 - (21 - (-20 - -26) - 12).
-28
What is 19 + -13 + 3 - (-15 + 95 + 13)?
-84
106 + 0 - (14 + 162 - 161)
91
Calculate (-2 - -11) + -184 + -14 + 304.
115
Calculate -51 - ((42 + -22 - -9) + -22 - (0 - -6)).
-52
(-2 - -1) + -2 + 24 + (10 - 25) - -31
37
What is 14 - ((-13 - 23) + 52)?
-2
76 + 3 + 98 + -162
15
86 - 0 - ((-125 - -161) + (-26 - -6))
70
Evaluate -74 + -3 + (2205 - 2030).
98
Calculate (13 - (2 - (-5 + (11 - (0 + 7))))) + -7.
3
What is 9 + -116 + 584 + -579?
-102
Evaluate (-123 - -141 - (1 + -9)) + -11 + 21.
36
Evaluate -4 + (-11 + (-11 - 5) - (-3 + 8)).
-36
Calculate -8 + (-32 - 11) + -6 + 17 - 7.
-47
17 - (135 - 142 - (-2 - 4))
18
What is the value of -32 + 10 + (-6 - (28 - 48))?
-8
Calculate -16 - (-30 - 2) - (4 + -15).
27
What is -35 + (65 - 23) - (1 + 64)?
-58
What is 13 + 2 + (216 - 133 - 135)?
-37
Evaluate -7 + (-63 + 60 + -7 + 1 - 29).
-45
Calculate -67 + -1 + (298 - 317).
-87
Calculate (-14 + 18 - 26) + (-91 - -145).
32
What is the value of 4 + (20 - (67 + -70))?
27
What is (42 - (19 - -79)) + 16 + 5?
-35
Evaluate -11 + (-8 + 5 - -2) + (-94 - (-24 - -42)).
-124
What is the value of -1 - 41 - 5 - (-519 + 505)?
-33
What is -2 + -9 + 5 + (11 - 6) + 9?
8
What is 51 - 38 - (7 - (5 - (-8 + 7)))?
12
What is (18 - 4 - 16) + (97 - 50)?
45
What is the value of -11 + (1 - 18 - (-572 - -509))?
35
What is (-2 + 1 - -13) + (16 + 1 + -11 - -1)?
19
What is the value of (-80 - -70) + (-16 + 13 - -2 - (1 + 19))?
-31
-64 + (-25 - -4) - (-19 + 12 - -29)
-107
-84 + -7 + -13 - 18
-122
What is the value of (0 - 17) + (30 + (0 - 7) - 58)?
-52
What is 4 + 9 + -1 + (0 + 5 - 17)?
0
What is the value of 73 + (-5 - 25) - 38?
5
Calculate -36 - (-107 + 206 - 108).
-27
Calculate (0 + -23 - -44) + -14 + -3 + 3 + -61.
-54
Evaluate 33 - (-4 - (28 + 58)).
123
Calculate -12 + -25 + (-23 - (21 - 8)).
-73
What is -23 + 5 + (3 - 22 - -67)?
30
Calculate 139 + (-8 - 11) + -14.
106
Evaluate 37 - 62 - -40 - 32.
-17
(-2 - 1) + 16 + -2387 + 2417 - (-15 + 0)
58
What is the value of (9 - 89) + -9 - -105?
16
What is -25 + -14 + 40 - 20?
-19
What is the value of (47 - (47 - -47)) + 9?
-38
What is 363 + -438 + (2 - -58)?
-15
What is (-9 - -3) + 29 + (-19 - -8) - (1 - 10)?
21
Evaluate 48 - (-1 + -33 - -131).
-49
What is the value of (-5 + 13 + -18 - (-2 - -2)) + -1?
-11
Evaluate (59 - (-1 + -6 + (-1 - (2 - 13)))) + 6.
62
Evaluate -23 + (-14 - 1 - -27) + 85 + 1 - 8.
67
Evaluate 1194 + -1175 - (6 - 1 - 5 - -27).
-8
Calculate 21 + -82 + (-11 - -35 - 12) + (-1 - 0).
-50
Calculate (-11 - -21) + -3 + (-13 - -30).
24
(-47 - 12) + 76 + -35
-18
Evaluate 26 + (-22 - -13) + -22 + 18.
13
Evaluate -1573 + 1434 - (-36 - 5).
-98
Calculate (-7 - -10) + -10 + 26 - 8 - -54.
65
Calculate (-10 + 6 + 41 - (-4 + -17)) + (0 - -11).
69
Calculate 6 - (6 + -12 + 20 - 8 - -4) - -11.
7
24 - ((9 + 11 - 16) + 25)
-5
What is the value of -22 - (-1 + 1 - (63 + 5))?
46
What is -1 + (-24 - (-13 + -9)) + 40?
37
What is the value of 8 + (-7 - 10 - -13 - 9 - (-2 - -11))?
-14
Evaluate 35 + -31 - 34 - (-1 + -3) - -1.
-25
What is -29 + 12 + -5 + (-4 - (-22 + 94))?
-98
What is 1 - -18 - (17 + (14 - 14))?
2
What is 21 + -3 - 6 - 29 - -1?
-16
Calculate (19 - (-4 - -26)) + 11 + -1 - -21.
28
Calculate -788 + 775 + 5 + 67.
59
What is the value of -5 + 7 - (1 + -4 - ((-11 - -9) + -3))?
0
What is the value of (10 - 12) + (168 - 213) - -75?
28
What is the value of 1 + 9 + -3 + (-8 - (-54 + 4)) + 5?
54
35 - 67 - (-21 - 6)
-5
What is 16 + 35 + -55 + -7 + 34?
23
Calculate 38 - (17 - (-13 + -10 + 19)).
17
What is 15 + -93 - -14 - ((-4 - -1) + -3 + 2)?
-60
What is (-2711 - -2756) + (-147 - (3 - 3))?
-102
Calculate 42 - (-47 - 23 - -100).
12
What is the value of 44 + -207 - -60 - -63?
-40
Calculate (-93 - -168) + -106 - (5 - 1).
-35
What is the value of -62 + (158 - 69) + -67?
-40
(795 - 783) + (0 + 3 - (6 - 0)) + 9
18
Evaluate -16 + 18 - (-1 - (-5 - 1)) - (1 + 6).
-10
What is the value of 25 + (-24 - -20) - 8 - -10?
23
Evaluate -24 + (41 + -48 + 28 + 2 - -34).
33
Evaluate -16 + 7 + 57 + 17 + -20.
45
What is the value of -5 + 13 + -156 + 40 + -16?
-124
What is the value of -11 + 65 - (-10 + 13 + -3 + -5)?
59
What is the value of -5 - 8